d is divided by 17.
14
Suppose -102*q + 97*q = 10, 2*z - 5*q = 174. Let h = 46 + -18. Calculate the remainder when z is divided by h.
26
Suppose 39018 - 2346 = 32*r. Calculate the remainder when r is divided by 7.
5
Let q(v) = 2*v**2 - 36*v - 12. Let l be q(17). Let j = 51 + l. What is the remainder when 11 is divided by j?
1
Let x(m) = 110*m**2 + 8*m + 13. Let y be x(-2). Suppose -10*d + 12*d = -s + 159, -2*d = -3*s + y. What is the remainder when s is divided by 15?
14
Let f(z) = -96*z**3 + z**2 + 2*z + 1. Let w be f(-1). Suppose g + 5*g - w = 0. Calculate the remainder when 93 is divided by g.
13
Let h be (5 + -9 + 7)*142. Suppose -8*q = -102 - h. Calculate the remainder when q is divided by 21.
3
Let a(b) = -3*b**2 - 2*b - 1. Let l be a(-7). Let w = l + 91. Let s = -20 - w. What is the remainder when s is divided by 12?
11
Let o = 30 + -26. Suppose -o*t - 52 = -3*s, -3*s + 3*t = -2*t - 56. What is the remainder when 34 is divided by s?
10
Let q = -617 - -877. Calculate the remainder when q is divided by 22.
18
Let j(f) = 7*f + 14. Suppose 48 = -5*g - 3*g. Let a be j(g). Let c = -23 - a. Calculate the remainder when 22 is divided by c.
2
Let h = 264 - 20. What is the remainder when h is divided by 41?
39
Let z(y) = y**3 - 2*y**2 - y + 3. Let w be z(3). Let t = w + -8. Calculate the remainder when -1*(-36 + (2 - t)) is divided by 18.
17
Let s(b) = 11*b**3 + b**2 - 1. Let v(o) = -189*o - 346. What is the remainder when v(-2) is divided by s(1)?
10
Suppose 240*j = 234*j + 60. Suppose -15 = 3*l, g - 5*g + 4*l + 488 = 0. Calculate the remainder when g is divided by j.
7
Let b = -38 + 10. Let x = 7 + b. Let z = x - -34. What is the remainder when z is divided by 7?
6
Let o = -1923 + 1947. What is the remainder when 1340 is divided by o?
20
Suppose -3*l = 0, 4*i + 0*l - 140 = 3*l. Calculate the remainder when i + (-12)/8*(0 - 2) is divided by 8.
6
Suppose -2*m - 4 = -b, -b + 4*m + 6 = -0*b. Let x(s) = s**b + 25 + 7 + s + 0 + 12. What is the remainder when x(0) is divided by 15?
14
Suppose 2 - 5 = -j. Let b(s) = 5*s + 7. Calculate the remainder when 9/6*26 - -2 is divided by b(j).
19
Let j(z) = 9*z**2 + 51*z - 13. Calculate the remainder when 36 is divided by j(-6).
1
What is the remainder when 0/(-4) + (-2 - -5) + 87 is divided by 23?
21
Let l be 3/((-9)/6) + 29. Let x = l - 26. What is the remainder when (2/(-6))/(1/(-9)) is divided by x?
0
Let a(o) = -171*o - 50. Calculate the remainder when a(-1) is divided by 40.
1
Let o(d) = 242*d + 3. Let w be o(3). Let y = 56 - 28. Calculate the remainder when (w/9)/(0 - -1) is divided by y.
25
Let g = 55 + -33. Let h(s) = -s**2 - 6*s - 1. Let p be h(-4). Suppose 1 = n - p. What is the remainder when g is divided by n?
6
Let o(t) = -t**2 + 11*t - 1. Let w(n) = -n**2 + 10*n. Let k(y) = 2*o(y) - 3*w(y). Calculate the remainder when k(-6) is divided by 28.
26
Let o = 184 - 159. Calculate the remainder when 96 is divided by o.
21
What is the remainder when 131 is divided by ((-1624)/(-112))/(2/4)?
15
Let p = 27 + -16. Calculate the remainder when 552/22 - ((-34)/(-11) - 3) is divided by p.
3
Suppose 9*r = 14*r - 165. Suppose o = -n + r, 5*o - 2*n - 12 = 188. What is the remainder when o is divided by 13?
12
Suppose 4*a - 128 = 568. What is the remainder when a is divided by 22?
20
Let n = -3 + 4. Suppose -4*p - n = -9. Calculate the remainder when 46 is divided by (p - 7/2)*-8.
10
Let z be (2/6)/((-7)/483). Let t = 32 + z. Calculate the remainder when 33 is divided by t.
6
Let s = -9 + 20. Let u(m) = 3*m**2 + 13*m - 3. Let r be u(3). Suppose -5*g = 5*f - r - 37, 5*f = -2*g + 43. Calculate the remainder when g is divided by s.
8
Suppose 0 = 6*o - 35*o + 290. Calculate the remainder when 149 is divided by o.
9
Let c(j) = 61*j - 357. Calculate the remainder when c(10) is divided by 5.
3
Let x = -45 + 9. Let s be (6/12)/((-3)/x). Suppose s*w = 2*w + 44. What is the remainder when 32 is divided by w?
10
Let x(v) = -v**3 - 9*v**2 - 4*v - 2. Suppose a - 50 = -59. Calculate the remainder when x(a) is divided by 3/(6/(-26))*-1.
8
Let w(q) = -9*q**3 - 10*q**2 + 69. Calculate the remainder when w(-6) is divided by 92.
89
Suppose 0 = 8*w - 155 - 5. Let n = 26 - w. Let x(a) = -a**2 - 9*a + 2. What is the remainder when x(-6) is divided by n?
2
Suppose -5*b = -22 - 88. Calculate the remainder when b is divided by 24/5*(55/(-22) + 5).
10
Let y = 40 - 38. What is the remainder when y/7 - (-252)/147 is divided by 1?
0
Let u(f) = -26*f + 7. Let d be u(-4). Suppose -4*i + 7*t = 2*t - 139, 3*t - d = -3*i. Suppose 3*m - 18 = i. Calculate the remainder when 33 is divided by m.
15
Let u = -60 - -67. What is the remainder when 20 is divided by u?
6
Let t = 595 - 269. What is the remainder when t is divided by 47?
44
Let x = 49 + -46. Suppose z + 8 = 2*q, x*q - 3*z + 9 = 27. What is the remainder when 6 is divided by q?
0
Let a(z) = z**2 - 5*z - 125. Calculate the remainder when a(26) is divided by 4.
1
Suppose -4*b - 465 = -5*m, 77 = -2*m - 3*b + 286. Suppose 0*v = -4*z + 3*v + 112, -3*z - v = -m. What is the remainder when z is divided by ((-2 - -2) + 11)/1?
9
Suppose -413 = 7*q - 21. Let j = 88 + q. What is the remainder when j is divided by 7?
4
Suppose 3*x - 4*x + 5*i = -34, 82 = 4*x - 2*i. Let c = -1 + 6. What is the remainder when x is divided by c?
4
Suppose -79*s + 210 = -74*s. Calculate the remainder when 107 is divided by s.
23
Let v(l) = l**2 + 9*l + 15. Let g be v(-8). Let x = 2 + g. Calculate the remainder when 43 is divided by x.
7
Let c(i) = -i**3 - 2*i**2 + 5*i + 2. Suppose 210 = 47*p - 33*p. Calculate the remainder when c(-5) is divided by p.
7
Suppose -3*h + 7*h - 425 = -5*l, 0 = 5*l - h - 400. Suppose -63 = -5*u + 2*u. Calculate the remainder when l is divided by u.
18
Let q(y) = y**2 + 2*y + 17. Suppose -2*t = 5*w - 16, -2*t - 6 = -2. Suppose 2*h = -w*h. Calculate the remainder when q(h) is divided by 6.
5
Let p(a) = 4*a**2 - 20*a + 5. Let c be p(5). Suppose 25 = -c*u + 275. Calculate the remainder when u is divided by 14.
8
Suppose -43 = m + x, -2*m - x + 10 = 98. What is the remainder when 37 is divided by 40/15*m/(-6)?
17
Let d = 148 - 48. Let b = -17 - -51. Calculate the remainder when d is divided by b.
32
Let h = 78 + 32. What is the remainder when h is divided by 37?
36
Let x(d) = d + 7. Suppose 0 = n + i - 3, 2*n + n - 5*i = 17. Calculate the remainder when 42 is divided by x(n).
9
Calculate the remainder when 45/(-18) + 692/8 is divided by 36.
12
Calculate the remainder when 348 is divided by (90/(-135))/(4/(-510)).
8
Suppose 3*n = -12, -4*n = k - 3*n. Suppose k*s - 5*f = 264, 4*s - 1 = -2*f + 291. Calculate the remainder when s is divided by 36.
35
Suppose 2*p + 0*p - 23 = 5*r, 51 = 4*p - 5*r. Calculate the remainder when 782 is divided by p.
12
Suppose 0*r = -3*r + 6. Suppose 88 + 78 = r*b. What is the remainder when b is divided by 24 - ((1 - -2) + 0)?
20
Let f(y) = -y**3 - y**2 + 9*y - 6. Let k be f(3). Let d(w) = -w**2 - 18*w - 8. Calculate the remainder when d(k) is divided by 8.
5
Let v(g) = g - 16. Let p be v(21). Let a(r) = -r**2 + 10*r - 4. What is the remainder when a(p) is divided by 44/7 + (-4)/14?
3
Let j = 29 + -15. Suppose 13*a + 16 = 4*n + 9*a, -5*n - 2*a + 6 = 0. What is the remainder when 270/6 + (-3 - n) is divided by j?
12
What is the remainder when 18 is divided by ((-1040)/60)/(((-8)/6)/1)?
5
Let v(z) = -3*z**2 + 98*z + 40. Suppose 0 = 5*w - 3*q - 35, -45 = -5*w + 2*q - q. What is the remainder when w is divided by v(33)?
3
Let q be 128/(-96)*((-81)/(-2))/1. Let f = -98 + 14. Let v = q - f. What is the remainder when v is divided by 11?
8
Suppose 5*n - b - 3192 = 0, 0*n - 4*n - 3*b + 2565 = 0. What is the remainder when n/12 + (-1)/(-8)*-2 is divided by 11?
9
Suppose 6*q = 9*q. Suppose 0 = -q*s + 12*s - 252. Let k = -29 + 41. Calculate the remainder when s is divided by k.
9
Let c = 67 + 167. What is the remainder when c is divided by 48?
42
Let j(f) = f**3 + 12*f**2 + 32*f + 19. Suppose -p + 9*h + 14 = 4*h, 4*h - 8 = -4*p. What is the remainder when j(-8) is divided by p?
3
Let p be 162/14 + 25/(-7) + 3. Let x be -14*(-1)/2*1. Suppose -8*f + p = -x*f. What is the remainder when 30 is divided by f?
8
Let d(v) = 10*v + 14. Calculate the remainder when d(3) is divided by 12.
8
Let